22 + 252. Calculate the remainder when q is divided by 16.
14
What is the remainder when (-17 + 14)*(-7)/(21/10) is divided by 8?
2
Suppose d - 40 = -3*m, -m = -0*m + 3*d - 8. Suppose -2*q + 14 = -m. What is the remainder when 41 is divided by q?
13
Suppose 0 = -2*g + 2*n - 7 - 9, -5*g = -n + 32. Let d(z) = -6*z - 5. Calculate the remainder when d(g) is divided by 11.
9
Let b = -7 + 5. Let k(v) = 3*v**2 + 4*v + 2. Let j be k(b). Calculate the remainder when (-5 - -2)*(-10)/j is divided by 3.
2
Suppose y = 2*u + 32, -4*y - 5*u + 88 = -3*u. Calculate the remainder when 93 is divided by y.
21
Calculate the remainder when 224/40 - 4/(-10) is divided by 3.
0
What is the remainder when 32 is divided by (-15)/30*(-1 + -33)?
15
Let p be -12*3/(27/12). Calculate the remainder when 7 is divided by (p/(-6))/2*3.
3
Let u(c) = 13*c**3 + c**2. Suppose 2*n + 2 = 2*y + 4, 0 = -3*y - 3*n + 9. What is the remainder when 25 is divided by u(y)?
11
Suppose -5*p + 17 = -3. Let f = p + 8. What is the remainder when f is divided by 7?
5
Suppose z - 2*u + 16 = 2*z, -z + u = -13. Calculate the remainder when 26 is divided by z.
12
Let m(x) = -26*x - 6. Calculate the remainder when 180 is divided by m(-2).
42
Let f be 4/(((-2)/(-1))/1). Suppose -28 = -m + 17. Suppose 4*s - j = -f*j + m, 2*s - j = 27. What is the remainder when 34 is divided by s?
10
Suppose -5*l - 100 = -w, -2*l = -0*w + 3*w - 283. Calculate the remainder when w is divided by 16.
15
Suppose 0*a + 2*a - 68 = 0. Let b = -10 + 22. What is the remainder when a is divided by b?
10
Suppose 0 = 3*f - 3*a - 69, -2*f + 0*a + 46 = -a. What is the remainder when f is divided by 13?
10
What is the remainder when (-2 + 11/4)*92 is divided by 14?
13
Let s(x) = 2*x - 6. Let t be s(4). Let b = t + 11. Calculate the remainder when b is divided by 7.
6
Suppose 50 = 4*i + 2*w, -15 = i - 4*i + 3*w. Suppose -88*b + 91*b - 12 = 0. Calculate the remainder when i is divided by b.
2
Suppose -4*w = 10 - 26. Suppose w*k - 59 = 85. Let m = 5 + 8. Calculate the remainder when k is divided by m.
10
Let t = -47 + 87. Calculate the remainder when t is divided by 24/1 + -9 + 6.
19
Let n(o) = -10*o. Let q(w) = -w**2 + 14*w - 22. What is the remainder when q(8) is divided by n(-1)?
6
Let c = 35 - 38. Let f = -27 + 43. Calculate the remainder when 8 + 26 + c + -1 is divided by f.
14
Let v(s) = -s**2 - 4*s + 2. Let b be v(-5). Calculate the remainder when 14 is divided by ((-3)/2)/(b/10).
4
Let r = 3 - 7. Let m(v) = v**2 - 2*v - 5. What is the remainder when m(r) is divided by 10?
9
Suppose 2*u = -5*o + 7*u, -5*o - 3*u + 40 = 0. Let c = 34 - o. Let x = -26 + 36. Calculate the remainder when c is divided by x.
9
Suppose 44 = 3*y - 4*r, 3*y - 4*r - 42 = -r. Calculate the remainder when 45 is divided by y.
9
Suppose -9*n = -0*n - 1035. Calculate the remainder when n is divided by 13.
11
Suppose 5*l - 3 = 2*l - h, -12 = -5*l - 4*h. Suppose 3 + l = 3*y. Calculate the remainder when y is divided by 1.
0
Suppose 2*j = 6*j + 5*d - 83, 113 = 4*j - d. Let f = 39 - j. Calculate the remainder when 22 is divided by f.
10
Let h = -2 - 2. Let z(b) = b**2 - b - 3. What is the remainder when z(h) is divided by 9?
8
Suppose -36 = -5*w - 11. Let j be (-1)/(1 + (-4)/w). Let s = j - -7. What is the remainder when s is divided by 1?
0
Let m = -9 + 34. Suppose -5*r - 52 = -9*r. What is the remainder when m is divided by r?
12
Suppose -10*j + 2253 = 463. What is the remainder when j is divided by 45?
44
Let x(h) = h**2 - h - 4. Suppose 0 = 3*r - 4 + 1. Let j(t) = 6*t**3 - 2*t**2 + t. Calculate the remainder when x(-3) is divided by j(r).
3
Suppose 4*x = 0, -1 + 2 = -j - x. Let i(h) = -10*h - 1. Calculate the remainder when i(j) is divided by 3.
0
Suppose 0 = 5*l - 41 - 9. Calculate the remainder when (-4)/10 - 184/(-10) is divided by l.
8
What is the remainder when 62 is divided by (1/3 - 0)*(32 + 16)?
14
Suppose -132 = -6*d - 42. What is the remainder when d is divided by 8?
7
Let i(d) = -d**2 - 4*d + 3. Let u be i(-4). Let y = 15 - u. What is the remainder when 22 is divided by y?
10
Let g(u) = u**3 - 13*u**2 + 16*u - 15. Calculate the remainder when 65 is divided by g(12).
32
Suppose 0 = 5*g + b - 27, -5*g + 8*g = -5*b + 25. What is the remainder when 24 is divided by g?
4
Let i = 169 + -153. What is the remainder when 28 is divided by i?
12
Suppose -3*p - y + 21 = -4*y, -3*p + 4*y + 26 = 0. Calculate the remainder when (-102)/(-2) - -1*p is divided by (-4)/((28/189)/((-2)/3)).
17
Calculate the remainder when 55 is divided by ((-4)/6)/(7/(-42)).
3
Let v = 96 + -65. Calculate the remainder when 91 is divided by v.
29
Let i be ((-3)/(-3) - 3)*-2. Suppose -36 = 5*c + i. Let m = 0 - c. Calculate the remainder when m is divided by 3.
2
Let y = 2 + 3. Suppose 0 = y*x - 85 - 40. Let k = 89 + -76. What is the remainder when x is divided by k?
12
Suppose n + 55 = -5*u, -33 = 3*u + n + 3*n. Let f = u + 8. What is the remainder when (-106)/f + 3/(-9) is divided by 9?
8
Suppose 29 = r - 10. Suppose -121 = -2*o - r. Calculate the remainder when o is divided by 11.
8
Let b(x) = x - 9. Let u be b(8). Calculate the remainder when (11/2)/(u/(-2)) is divided by 6.
5
Suppose -3*v + 201 = 4*o, 46 = 3*o - 2*o + 5*v. Calculate the remainder when o is divided by 18.
15
Suppose 36 = 5*v - 2*a - 38, -a - 77 = -5*v. Suppose 2*b + 5*p - 28 = 0, -3*b + 3*p + 0 + 21 = 0. Calculate the remainder when v is divided by b.
7
Let p = 100 - 83. Calculate the remainder when 270 is divided by p.
15
Let z be 26/10 + (-4)/(-10). Suppose 63 = z*k - 9. Calculate the remainder when 93 is divided by k.
21
Suppose 0 = -4*c + 5*c - 9. Calculate the remainder when 17 is divided by c.
8
Suppose 4*x + 2*v - 12 = 0, -5*x + 3*v + 32 = -x. What is the remainder when 12 is divided by x?
2
Suppose 2*q - 3*q + 114 = 0. What is the remainder when 3/(q/(-40) - -3) is divided by 11?
9
Suppose -j + 2*w = 4*w - 31, 3*j = -w + 68. Calculate the remainder when 83 is divided by j.
20
Suppose -2*t - 104 = -b - 3, -5*b = t - 483. Calculate the remainder when b is divided by 20.
17
Let k(c) = -c**2 + c. Let n be k(3). Suppose 20 = 5*o + 5*p, 2*p = -4*o - p + 15. What is the remainder when (1/o)/((-2)/n) is divided by 1?
0
Let j(y) = -8*y - 2. Suppose 5*x = 10*x - 80. What is the remainder when j(-6) is divided by x?
14
Let m(j) = 1 + j - 2 + 11*j**2 + 0*j. Let l(d) = -d + 4. Let r be l(3). Calculate the remainder when 21 is divided by m(r).
10
Suppose p - 217 = -6*p. What is the remainder when p is divided by 8?
7
Suppose -w + 8 = 4. What is the remainder when w is divided by 24/32 - 10/(-8)?
0
Suppose -2*o = 2*o - 60. Let h = 45 - 1. Calculate the remainder when h is divided by o.
14
Let u = 19 + -11. What is the remainder when 38 is divided by u?
6
Suppose -3*d = 2*h - 6, 3*h + 2*d - 20 = -h. Let o = h + -4. Suppose 26 = 2*m - 2*u, o*m - 23 = -u + 6*u. What is the remainder when 40 is divided by m?
12
Let j be 0/(-1 + 2) + 2. Suppose -6 = -j*c - c. Suppose 5*h = -2*i + 9, 5*h + 0*i - 13 = -4*i. What is the remainder when c is divided by h?
0
Let q(a) = 23*a - 17. Calculate the remainder when q(4) is divided by 26.
23
Let d(a) = -19*a + 4*a + 12*a + 4*a + 3. Calculate the remainder when 47 is divided by d(13).
15
Let l(a) = -17*a - 143. Let j = 17 + -10. What is the remainder when l(-10) is divided by j?
6
Suppose -4 = 6*k - 28. Let n(u) = -28*u + 1. Let q be n(-5). Suppose f - k*f = -q. Calculate the remainder when f is divided by 16.
15
Suppose 2*y + 19 = 5*d, 2*y - 13 = -5*d - 2. Let x = d + -1. What is the remainder when 5 is divided by x?
1
Let q(s) = s - 6. Let u be q(0). Calculate the remainder when 33 is divided by (-36)/8*16/u.
9
Let i = 11 + -21. What is the remainder when 33 is divided by 1 + (3 - (-3 + i))?
16
Suppose -4*j = -0*k - 4*k - 68, 0 = 3*j + 2*k - 31. Let v = 3 + 4. Calculate the remainder when j is divided by v.
6
Suppose -q - 2*q = -4*f + 89, 0 = -4*q + 4. Calculate the remainder when f is divided by 8.
7
Let j = -5 - -24. Let i(g) = 7*g + 4*g**2 + 5 + g**3 - 7*g - 6*g. What is the remainder when j is divided by i(-5)?
9
Calculate the remainder when ((-1)/3 + (-5 - -5))*-96 is divided by 19.
13
Let d = -47 + 69. Calculate the remainder when 42 is divided by d.
20
What is the remainder when 12/(-